{"id":579,"date":"2023-01-05T22:47:51","date_gmt":"2023-01-05T22:47:51","guid":{"rendered":"https:\/\/fr-reisid.ee\/test\/?page_id=579"},"modified":"2023-01-05T22:47:52","modified_gmt":"2023-01-05T22:47:52","slug":"lumegarantii","status":"publish","type":"page","link":"https:\/\/fr-reisid.ee\/test\/lumegarantii\/","title":{"rendered":"Lumegarantii"},"content":{"rendered":"\n<p><strong>Alates hooajast 2007\/2008 pakub Val Thorens 25. detsembrist kuni 01. maini lumegarantii.<\/strong><\/p>\n\n\n\n<p>Juhul, kui lumepuudusel on avatud keskmiselt v\u00e4hem kui 70% Val Thorens-Orelle suusaliftidest tagastab lifte opereeriv firma Setam 1 v\u00f5i enama p\u00e4eva m\u00e4epileti tasu.<\/p>\n\n\n\n<p>Tingimused:<\/p>\n\n\n\n<ul class=\"snowly\">\n<li>Keskmiselt on n\u00e4dala jooksul avatud 60% kuni 69% suusaliftidest -> kreeditarve 1 p\u00e4evale Val Thorens-Orelle suusaalal (kehtiv n\u00e4iteks samal n\u00e4dalal 7-da p\u00e4evana v\u00f5i hiljem samal hooajal v\u00f5i j\u00e4rgmisel hooajal).<\/li>\n\n\n\n<li>Keskmiselt on n\u00e4dala jooksul avatud 50% kuni 59% suusaliftidest -> kreeditarve 2 p\u00e4evale Val Thorens-Orelle suusaalal.<\/li>\n\n\n\n<li>Keskmiselt on n\u00e4dala jooksul avatud 40% kuni 49% suusaliftidest -> kreeditarve 3 p\u00e4evale Val Thorens-Orelle suusaalal.<\/li>\n\n\n\n<li>Keskmiselt v\u00e4hem kui 40% suusaliftidest avatud -> kreeditarve 4 p\u00e4evale Val Thorens-Orelle suusaalal.<\/li>\n<\/ul>\n\n\n\n<p>Pakkumine on kehtiv samuti Valles de Belleville v\u00f5i 3 Oru m\u00e4epiletite omanikele juhul, kui m\u00e4epilet on ostetud Val Thorensis v\u00f5i Orelle&#8217;is, kuid kreeditarve kehtib vaid Val Thorens-Orelle suusalal.<\/p>\n\n\n\n<p>Pakkumine kehtib juhul, kui Teil on kehtiv 6 v\u00f5i enama p\u00e4eva m\u00e4epilet ja Teie elamine on Val Thorensis v\u00f5i Orelle&#8217;is. Protsent arvutatakse iga n\u00e4dal 29 suusalifti alusel, mis teenindavad v\u00e4hemalt \u00fchte laskumist. Juhul, kui suusalift on kinni seoses tehnilise probleemi v\u00f5i halva ilmaga pakkumine ei kehti. Pakkumine ei kehti tasuta suusapiletite osas (lapsed vanuses alla 5 a. ja \u00fcle 75 a. vanused seeniorid). Kreeditarve saamiseks tuleb t\u00e4ita vorm, mis on saadaval Setam&#8217;i v\u00f5i Stor&#8217;i m\u00fc\u00fcgipunktides ning samuti internetis (<a href=\"http:\/\/www.valthorens.com\">www.valthorens.com<\/a> ja <a href=\"http:\/\/www.neigegarantie.com\">www.neigegarantie.com<\/a>). 15 p\u00e4eva jooksul peale m\u00e4epileti kehtivusaja l\u00f5ppu peab t\u00e4idetud vormi andma \u00fcle Setam&#8217;i m\u00fc\u00fcgipunkti v\u00f5i saatma postiga Setam&#8217;i kontorisse lisades sellele m\u00e4epileti ja t\u00f5estuse, et elasite Val Thorensis v\u00f5i Orelle&#8217;is (elamise t\u00f5estuse saab meili teel <a href=\"mailto:info@fr-reisid.ee\">info@fr-reisid.ee<\/a>).<\/p>\n","protected":false},"excerpt":{"rendered":"<p>Alates hooajast 2007\/2008 pakub Val Thorens 25. detsembrist kuni 01. maini lumegarantii. Juhul, kui lumepuudusel on avatud keskmiselt v\u00e4hem kui 70% Val [&hellip;]<\/p>\n","protected":false},"author":1,"featured_media":0,"parent":0,"menu_order":0,"comment_status":"closed","ping_status":"closed","template":"","meta":{"footnotes":""},"_links":{"self":[{"href":"https:\/\/fr-reisid.ee\/test\/wp-json\/wp\/v2\/pages\/579"}],"collection":[{"href":"https:\/\/fr-reisid.ee\/test\/wp-json\/wp\/v2\/pages"}],"about":[{"href":"https:\/\/fr-reisid.ee\/test\/wp-json\/wp\/v2\/types\/page"}],"author":[{"embeddable":true,"href":"https:\/\/fr-reisid.ee\/test\/wp-json\/wp\/v2\/users\/1"}],"replies":[{"embeddable":true,"href":"https:\/\/fr-reisid.ee\/test\/wp-json\/wp\/v2\/comments?post=579"}],"version-history":[{"count":1,"href":"https:\/\/fr-reisid.ee\/test\/wp-json\/wp\/v2\/pages\/579\/revisions"}],"predecessor-version":[{"id":580,"href":"https:\/\/fr-reisid.ee\/test\/wp-json\/wp\/v2\/pages\/579\/revisions\/580"}],"wp:attachment":[{"href":"https:\/\/fr-reisid.ee\/test\/wp-json\/wp\/v2\/media?parent=579"}],"curies":[{"name":"wp","href":"https:\/\/api.w.org\/{rel}","templated":true}]}}