{"id":505,"date":"2023-01-05T15:55:53","date_gmt":"2023-01-05T15:55:53","guid":{"rendered":"https:\/\/fr-reisid.ee\/test\/?page_id=505"},"modified":"2023-09-17T20:31:56","modified_gmt":"2023-09-17T20:31:56","slug":"maepiletite-hinnad-ettetellimisel-3-orgu","status":"publish","type":"page","link":"https:\/\/fr-reisid.ee\/test\/maepiletite-hinnad-ettetellimisel-3-orgu\/","title":{"rendered":"M\u00e4epiletite hinnad ettetellimisel 3 Orgu"},"content":{"rendered":"\n<p class=\"has-black-color has-text-color\"><strong>3 Orgu &#8211; m\u00e4epiletite hinnad ettetellimisel hooaeg 2024<\/strong><\/p>\n\n\n\n<figure class=\"wp-block-table\"><table><thead><tr><th><\/th><th class=\"has-text-align-right\" data-align=\"right\"><mark style=\"background-color:rgba(0, 0, 0, 0)\" class=\"has-inline-color has-vivid-green-cyan-color\">Meie hind \u20ac<\/mark><\/th><th class=\"has-text-align-right\" data-align=\"right\">Tava-hind \u20ac<\/th><\/tr><\/thead><tbody><tr><td><strong>3 Orgu<\/strong> 600+ km hooldatud radu<\/td><td class=\"has-text-align-right\" data-align=\"right\"><\/td><td class=\"has-text-align-right\" data-align=\"right\"><\/td><\/tr><tr><td>T\u00e4iskasvanu 6 p\u00e4eva**<\/td><td class=\"has-text-align-right\" data-align=\"right\"><strong><mark style=\"background-color:rgba(0, 0, 0, 0)\" class=\"has-inline-color has-vivid-green-cyan-color\">338.00<\/mark><\/strong><\/td><td class=\"has-text-align-right\" data-align=\"right\">355.00<\/td><\/tr><tr><td>Laps 5-12 a.* 6 p\u00e4eva**<\/td><td class=\"has-text-align-right\" data-align=\"right\"><\/td><td class=\"has-text-align-right\" data-align=\"right\">300.00<\/td><\/tr><tr><td><strong>Val Thorens\/Orelle<\/strong> 150 km hooldatud radu<\/td><td class=\"has-text-align-right\" data-align=\"right\"><\/td><td class=\"has-text-align-right\" data-align=\"right\"><\/td><\/tr><tr><td>T\u00e4iskasvanu 6 p\u00e4eva**<\/td><td class=\"has-text-align-right\" data-align=\"right\"><strong><mark style=\"background-color:rgba(0, 0, 0, 0)\" class=\"has-inline-color has-vivid-green-cyan-color\">Varsti<\/mark><\/strong> <\/td><td class=\"has-text-align-right\" data-align=\"right\">Varsti<\/td><\/tr><tr><td>Laps 5-12 a.* 6 p\u00e4eva**<\/td><td class=\"has-text-align-right\" data-align=\"right\"><\/td><td class=\"has-text-align-right\" data-align=\"right\">Varsti<\/td><\/tr><tr><td><strong>Les Menuires &#8211; St.Martin<\/strong> 160 km hooldatud radu<\/td><td class=\"has-text-align-right\" data-align=\"right\"><\/td><td class=\"has-text-align-right\" data-align=\"right\"><\/td><\/tr><tr><td>T\u00e4iskasvanu 6 p\u00e4eva**<\/td><td class=\"has-text-align-right\" data-align=\"right\"><strong><mark style=\"background-color:rgba(0, 0, 0, 0)\" class=\"has-inline-color has-vivid-green-cyan-color\">Varsti<\/mark><\/strong><\/td><td class=\"has-text-align-right\" data-align=\"right\">Varsti<\/td><\/tr><tr><td>Laps 5-12 a.* 6 p\u00e4eva**<\/td><td class=\"has-text-align-right\" data-align=\"right\"><\/td><td class=\"has-text-align-right\" data-align=\"right\">Varsti<\/td><\/tr><\/tbody><\/table><\/figure>\n\n\n\n<p>* lapsed s\u00fcndinud 01.01.2011 &#8211; 31.12.2018<br>** t\u00e4iskasvanutel 6 p\u00e4eva m\u00e4epileti tavahind arvestatud nn. tribute hinna alusel, ehk 3 t\u00e4iskasvanu piletit korraga +.<\/p>\n\n\n\n<p>K\u00f5ikides loetletud suusapiirkondades toimib magnetkaart ja FOTO EI OLE VAJALIK.<\/p>\n\n\n\n<p>Perepilet 2 t\u00e4iskasvanut ja 2 last (s\u00fcndinud 2007 aastal ja hiljem) 6 p\u00e4eva &#8211; k\u00f5igile kehtib lapsepileti hind (ehk siis 4 * 300.00 = 1200.00 \u20ac).<\/p>\n\n\n\n<p>Perepileti ettetellimisel vajalikud k\u00f5igi pereliikmete passide v\u00f5i ID-kaartide koopiad ja peresidemed tuleb t\u00f5estada.<\/p>\n\n\n\n<p>Seeniorid 65 &#8211; 74 a. m\u00e4epiletite hinnad keskeltl\u00e4bi 14% odavamad kui t\u00e4ispileti hind.<br>5 aasta vanused ja nooremad lapsed (3 Orgu) ja seeniorid 75 + &#8211; tasuta.<\/p>\n\n\n\n<p><strong><em>Soovitame v\u00f5tta ka kohaliku m\u00e4ekindlustuse CARRE NEIGE.<\/em><\/strong><\/p>\n\n\n\n<p>Off-piste&#8217;i harrastajatele on see lausa kohustuslik.<\/p>\n\n\n\n<p>Kohaliku m\u00e4ekindlustuse plussideks on:<\/p>\n\n\n\n<ul class=\"snowly\">\n<li>\u00f5nnetusjuhtumi puhul ei pea tasuma k\u00f5iki kulusid omavahenditest, \u00fcks neist on m\u00e4epatrulli poolt medpunkti toimetamine 600.- EUR&#8217;i.<\/li>\n\n\n\n<li>Carre Neige katab ka markeerimata trassidel juhtuvad \u00f5nnetused, mida \u00fckski Eesti kindlustusselts reeglina ei h\u00fcvita.<\/li>\n\n\n\n<li>PS! Carre Neige katab vaid osalised meditsiinikulud, kindlasti on vajalik ka reisikindlustus suusareisi lisariskiga !!!<\/li>\n<\/ul>\n\n\n\n<h4 class=\"wp-block-heading\">Kindlustuse Carre Neige hinnad:<\/h4>\n\n\n\n<figure class=\"wp-block-table\"><table><thead><tr><th class=\"has-text-align-left\" data-align=\"left\">P\u00e4evade arv<\/th><th class=\"has-text-align-right\" data-align=\"right\">T\u00e4iskasvanu<\/th><\/tr><\/thead><tbody><tr><td class=\"has-text-align-left\" data-align=\"left\">Hind p\u00e4eva kohta<\/td><td class=\"has-text-align-right\" data-align=\"right\">3.10 \u20ac<\/td><\/tr><tr><td class=\"has-text-align-left\" data-align=\"left\">8 kuni 21 p\u00e4eva<\/td><td class=\"has-text-align-right\" data-align=\"right\">24.80 \u20ac<\/td><\/tr><tr><td class=\"has-text-align-left\" data-align=\"left\">Hooaeg<\/td><td class=\"has-text-align-right\" data-align=\"right\">49.00 \u20ac<\/td><\/tr><\/tbody><\/table><\/figure>\n","protected":false},"excerpt":{"rendered":"<p>3 Orgu &#8211; m\u00e4epiletite hinnad ettetellimisel hooaeg 2024 Meie hind \u20ac Tava-hind \u20ac 3 Orgu 600+ km hooldatud radu T\u00e4iskasvanu 6 p\u00e4eva** [&hellip;]<\/p>\n","protected":false},"author":1,"featured_media":0,"parent":0,"menu_order":0,"comment_status":"closed","ping_status":"closed","template":"","meta":{"footnotes":""},"_links":{"self":[{"href":"https:\/\/fr-reisid.ee\/test\/wp-json\/wp\/v2\/pages\/505"}],"collection":[{"href":"https:\/\/fr-reisid.ee\/test\/wp-json\/wp\/v2\/pages"}],"about":[{"href":"https:\/\/fr-reisid.ee\/test\/wp-json\/wp\/v2\/types\/page"}],"author":[{"embeddable":true,"href":"https:\/\/fr-reisid.ee\/test\/wp-json\/wp\/v2\/users\/1"}],"replies":[{"embeddable":true,"href":"https:\/\/fr-reisid.ee\/test\/wp-json\/wp\/v2\/comments?post=505"}],"version-history":[{"count":8,"href":"https:\/\/fr-reisid.ee\/test\/wp-json\/wp\/v2\/pages\/505\/revisions"}],"predecessor-version":[{"id":818,"href":"https:\/\/fr-reisid.ee\/test\/wp-json\/wp\/v2\/pages\/505\/revisions\/818"}],"wp:attachment":[{"href":"https:\/\/fr-reisid.ee\/test\/wp-json\/wp\/v2\/media?parent=505"}],"curies":[{"name":"wp","href":"https:\/\/api.w.org\/{rel}","templated":true}]}}