{"id":371,"date":"2022-11-11T15:04:51","date_gmt":"2022-11-11T15:04:51","guid":{"rendered":"https:\/\/fr-reisid.ee\/test\/?page_id=371"},"modified":"2023-09-17T18:32:50","modified_gmt":"2023-09-17T18:32:50","slug":"les-chalets-du-gypse","status":"publish","type":"page","link":"https:\/\/fr-reisid.ee\/test\/les-chalets-du-gypse\/","title":{"rendered":"Les Chalets du Gypse"},"content":{"rendered":"\n<p>Ainuke majutus basseiniga St.Martin de Belleville keskuses vahetult suusaradade \u00e4\u00e4res. Elamised \u00fche magamistoaga kahetoalistest kuni nelja magamistoaga viietoalisteni.<br>T\u00e4psemad elamiste kirjeldused on toodud hinnakirjas.<\/p>\n\n\n\n<p><strong>Teenused:<\/strong><\/p>\n\n\n\n<figure class=\"wp-block-image size-full\"><img decoding=\"async\" loading=\"lazy\" width=\"649\" height=\"393\" src=\"https:\/\/fr-reisid.ee\/test\/wp-content\/uploads\/2022\/11\/Les-Chalets-du-Gypse-teenused.png\" alt=\"\" class=\"wp-image-370\"\/><\/figure>\n\n\n\n<div style=\"height:60px\" aria-hidden=\"true\" class=\"wp-block-spacer\"><\/div>\n\n\n\n<figure class=\"wp-block-gallery has-nested-images columns-default is-cropped wp-block-gallery-1 is-layout-flex wp-block-gallery-is-layout-flex\">\n<figure class=\"wp-block-image size-large\"><a href=\"https:\/\/fr-reisid.ee\/test\/wp-content\/uploads\/2022\/11\/les-chalets-du-gypse1.jpg\"><img decoding=\"async\" loading=\"lazy\" width=\"2048\" height=\"1366\" data-id=\"372\" src=\"https:\/\/fr-reisid.ee\/test\/wp-content\/uploads\/2022\/11\/les-chalets-du-gypse1-2048x1366.jpg\" alt=\"\" class=\"wp-image-372\" srcset=\"https:\/\/fr-reisid.ee\/test\/wp-content\/uploads\/2022\/11\/les-chalets-du-gypse1-2048x1366.jpg 2048w, https:\/\/fr-reisid.ee\/test\/wp-content\/uploads\/2022\/11\/les-chalets-du-gypse1-1024x683.jpg 1024w, https:\/\/fr-reisid.ee\/test\/wp-content\/uploads\/2022\/11\/les-chalets-du-gypse1-768x512.jpg 768w, https:\/\/fr-reisid.ee\/test\/wp-content\/uploads\/2022\/11\/les-chalets-du-gypse1-1536x1024.jpg 1536w, https:\/\/fr-reisid.ee\/test\/wp-content\/uploads\/2022\/11\/les-chalets-du-gypse1-650x433.jpg 650w\" sizes=\"(max-width: 2048px) 100vw, 2048px\" \/><\/a><figcaption class=\"wp-element-caption\">Les Chalets du Gypse<\/figcaption><\/figure>\n\n\n\n<figure class=\"wp-block-image size-large\"><a href=\"https:\/\/fr-reisid.ee\/test\/wp-content\/uploads\/2022\/11\/les-chalets-du-gypse2.jpg\"><img decoding=\"async\" loading=\"lazy\" width=\"2048\" height=\"1365\" data-id=\"373\" src=\"https:\/\/fr-reisid.ee\/test\/wp-content\/uploads\/2022\/11\/les-chalets-du-gypse2.jpg\" alt=\"\" class=\"wp-image-373\" srcset=\"https:\/\/fr-reisid.ee\/test\/wp-content\/uploads\/2022\/11\/les-chalets-du-gypse2.jpg 2048w, https:\/\/fr-reisid.ee\/test\/wp-content\/uploads\/2022\/11\/les-chalets-du-gypse2-1024x683.jpg 1024w, https:\/\/fr-reisid.ee\/test\/wp-content\/uploads\/2022\/11\/les-chalets-du-gypse2-768x512.jpg 768w, https:\/\/fr-reisid.ee\/test\/wp-content\/uploads\/2022\/11\/les-chalets-du-gypse2-1536x1024.jpg 1536w, https:\/\/fr-reisid.ee\/test\/wp-content\/uploads\/2022\/11\/les-chalets-du-gypse2-650x433.jpg 650w\" sizes=\"(max-width: 2048px) 100vw, 2048px\" \/><\/a><figcaption class=\"wp-element-caption\">Les Chalets du Gypse<\/figcaption><\/figure>\n\n\n\n<figure class=\"wp-block-image size-large\"><a href=\"https:\/\/fr-reisid.ee\/test\/wp-content\/uploads\/2022\/11\/les-chalets-du-gypse3.jpg\"><img decoding=\"async\" loading=\"lazy\" width=\"2048\" height=\"1360\" data-id=\"374\" src=\"https:\/\/fr-reisid.ee\/test\/wp-content\/uploads\/2022\/11\/les-chalets-du-gypse3.jpg\" alt=\"\" class=\"wp-image-374\" srcset=\"https:\/\/fr-reisid.ee\/test\/wp-content\/uploads\/2022\/11\/les-chalets-du-gypse3.jpg 2048w, https:\/\/fr-reisid.ee\/test\/wp-content\/uploads\/2022\/11\/les-chalets-du-gypse3-1024x680.jpg 1024w, https:\/\/fr-reisid.ee\/test\/wp-content\/uploads\/2022\/11\/les-chalets-du-gypse3-768x510.jpg 768w, https:\/\/fr-reisid.ee\/test\/wp-content\/uploads\/2022\/11\/les-chalets-du-gypse3-1536x1020.jpg 1536w, https:\/\/fr-reisid.ee\/test\/wp-content\/uploads\/2022\/11\/les-chalets-du-gypse3-650x432.jpg 650w\" sizes=\"(max-width: 2048px) 100vw, 2048px\" \/><\/a><figcaption class=\"wp-element-caption\">Les Chalets du Gypse<\/figcaption><\/figure>\n\n\n\n<figure class=\"wp-block-image size-large\"><a href=\"https:\/\/fr-reisid.ee\/test\/wp-content\/uploads\/2022\/11\/les-chalets-du-gypse4.jpg\"><img decoding=\"async\" loading=\"lazy\" width=\"1280\" height=\"853\" data-id=\"375\" src=\"https:\/\/fr-reisid.ee\/test\/wp-content\/uploads\/2022\/11\/les-chalets-du-gypse4.jpg\" alt=\"\" class=\"wp-image-375\" srcset=\"https:\/\/fr-reisid.ee\/test\/wp-content\/uploads\/2022\/11\/les-chalets-du-gypse4.jpg 1280w, https:\/\/fr-reisid.ee\/test\/wp-content\/uploads\/2022\/11\/les-chalets-du-gypse4-1024x682.jpg 1024w, https:\/\/fr-reisid.ee\/test\/wp-content\/uploads\/2022\/11\/les-chalets-du-gypse4-768x512.jpg 768w, https:\/\/fr-reisid.ee\/test\/wp-content\/uploads\/2022\/11\/les-chalets-du-gypse4-650x433.jpg 650w\" sizes=\"(max-width: 1280px) 100vw, 1280px\" \/><\/a><figcaption class=\"wp-element-caption\">Les Chalets du Gypse<\/figcaption><\/figure>\n\n\n\n<figure class=\"wp-block-image size-large\"><a href=\"https:\/\/fr-reisid.ee\/test\/wp-content\/uploads\/2022\/11\/les-chalets-du-gypse8.jpg\"><img decoding=\"async\" loading=\"lazy\" width=\"1920\" height=\"1440\" data-id=\"379\" src=\"https:\/\/fr-reisid.ee\/test\/wp-content\/uploads\/2022\/11\/les-chalets-du-gypse8.jpg\" alt=\"\" class=\"wp-image-379\" srcset=\"https:\/\/fr-reisid.ee\/test\/wp-content\/uploads\/2022\/11\/les-chalets-du-gypse8.jpg 1920w, https:\/\/fr-reisid.ee\/test\/wp-content\/uploads\/2022\/11\/les-chalets-du-gypse8-1024x768.jpg 1024w, https:\/\/fr-reisid.ee\/test\/wp-content\/uploads\/2022\/11\/les-chalets-du-gypse8-768x576.jpg 768w, https:\/\/fr-reisid.ee\/test\/wp-content\/uploads\/2022\/11\/les-chalets-du-gypse8-1536x1152.jpg 1536w, https:\/\/fr-reisid.ee\/test\/wp-content\/uploads\/2022\/11\/les-chalets-du-gypse8-650x488.jpg 650w\" sizes=\"(max-width: 1920px) 100vw, 1920px\" \/><\/a><figcaption class=\"wp-element-caption\">Les Chalets du Gypse<\/figcaption><\/figure>\n\n\n\n<figure class=\"wp-block-image size-large\"><a href=\"https:\/\/fr-reisid.ee\/test\/wp-content\/uploads\/2022\/11\/Chalet_du_Gypse-Chalet_du_Gypse-3453.jpg\"><img decoding=\"async\" loading=\"lazy\" width=\"2000\" height=\"1334\" data-id=\"325\" src=\"https:\/\/fr-reisid.ee\/test\/wp-content\/uploads\/2022\/11\/Chalet_du_Gypse-Chalet_du_Gypse-3453.jpg\" alt=\"\" class=\"wp-image-325\" srcset=\"https:\/\/fr-reisid.ee\/test\/wp-content\/uploads\/2022\/11\/Chalet_du_Gypse-Chalet_du_Gypse-3453.jpg 2000w, https:\/\/fr-reisid.ee\/test\/wp-content\/uploads\/2022\/11\/Chalet_du_Gypse-Chalet_du_Gypse-3453-1024x683.jpg 1024w, https:\/\/fr-reisid.ee\/test\/wp-content\/uploads\/2022\/11\/Chalet_du_Gypse-Chalet_du_Gypse-3453-768x512.jpg 768w, https:\/\/fr-reisid.ee\/test\/wp-content\/uploads\/2022\/11\/Chalet_du_Gypse-Chalet_du_Gypse-3453-1536x1025.jpg 1536w, https:\/\/fr-reisid.ee\/test\/wp-content\/uploads\/2022\/11\/Chalet_du_Gypse-Chalet_du_Gypse-3453-650x434.jpg 650w\" sizes=\"(max-width: 2000px) 100vw, 2000px\" \/><\/a><figcaption class=\"wp-element-caption\">Les Chalets du Gypse<\/figcaption><\/figure>\n\n\n\n<figure class=\"wp-block-image size-large\"><a href=\"https:\/\/fr-reisid.ee\/test\/wp-content\/uploads\/2022\/11\/les-chalets-du-gypse6.jpg\"><img decoding=\"async\" loading=\"lazy\" width=\"1920\" height=\"1280\" data-id=\"377\" src=\"https:\/\/fr-reisid.ee\/test\/wp-content\/uploads\/2022\/11\/les-chalets-du-gypse6.jpg\" alt=\"\" class=\"wp-image-377\" srcset=\"https:\/\/fr-reisid.ee\/test\/wp-content\/uploads\/2022\/11\/les-chalets-du-gypse6.jpg 1920w, https:\/\/fr-reisid.ee\/test\/wp-content\/uploads\/2022\/11\/les-chalets-du-gypse6-1024x683.jpg 1024w, https:\/\/fr-reisid.ee\/test\/wp-content\/uploads\/2022\/11\/les-chalets-du-gypse6-768x512.jpg 768w, https:\/\/fr-reisid.ee\/test\/wp-content\/uploads\/2022\/11\/les-chalets-du-gypse6-1536x1024.jpg 1536w, https:\/\/fr-reisid.ee\/test\/wp-content\/uploads\/2022\/11\/les-chalets-du-gypse6-650x433.jpg 650w\" sizes=\"(max-width: 1920px) 100vw, 1920px\" \/><\/a><figcaption class=\"wp-element-caption\">Les Chalets du Gypse<\/figcaption><\/figure>\n\n\n\n<figure class=\"wp-block-image size-large\"><a href=\"https:\/\/fr-reisid.ee\/test\/wp-content\/uploads\/2022\/11\/les-chalets-du-gypse7.jpg\"><img decoding=\"async\" loading=\"lazy\" width=\"1600\" height=\"1067\" data-id=\"378\" src=\"https:\/\/fr-reisid.ee\/test\/wp-content\/uploads\/2022\/11\/les-chalets-du-gypse7.jpg\" alt=\"\" class=\"wp-image-378\" srcset=\"https:\/\/fr-reisid.ee\/test\/wp-content\/uploads\/2022\/11\/les-chalets-du-gypse7.jpg 1600w, https:\/\/fr-reisid.ee\/test\/wp-content\/uploads\/2022\/11\/les-chalets-du-gypse7-1024x683.jpg 1024w, https:\/\/fr-reisid.ee\/test\/wp-content\/uploads\/2022\/11\/les-chalets-du-gypse7-768x512.jpg 768w, https:\/\/fr-reisid.ee\/test\/wp-content\/uploads\/2022\/11\/les-chalets-du-gypse7-1536x1024.jpg 1536w, https:\/\/fr-reisid.ee\/test\/wp-content\/uploads\/2022\/11\/les-chalets-du-gypse7-650x433.jpg 650w\" sizes=\"(max-width: 1600px) 100vw, 1600px\" \/><\/a><figcaption class=\"wp-element-caption\">Les Chalets du Gypse<\/figcaption><\/figure>\n\n\n\n<figure class=\"wp-block-image size-large\"><a href=\"https:\/\/fr-reisid.ee\/test\/wp-content\/uploads\/2022\/11\/Chalet_du_Gypse-Chalet_du_Gypse-3449.jpg\"><img decoding=\"async\" loading=\"lazy\" width=\"2000\" height=\"1328\" data-id=\"323\" src=\"https:\/\/fr-reisid.ee\/test\/wp-content\/uploads\/2022\/11\/Chalet_du_Gypse-Chalet_du_Gypse-3449.jpg\" alt=\"\" class=\"wp-image-323\" srcset=\"https:\/\/fr-reisid.ee\/test\/wp-content\/uploads\/2022\/11\/Chalet_du_Gypse-Chalet_du_Gypse-3449.jpg 2000w, https:\/\/fr-reisid.ee\/test\/wp-content\/uploads\/2022\/11\/Chalet_du_Gypse-Chalet_du_Gypse-3449-1024x680.jpg 1024w, https:\/\/fr-reisid.ee\/test\/wp-content\/uploads\/2022\/11\/Chalet_du_Gypse-Chalet_du_Gypse-3449-768x510.jpg 768w, https:\/\/fr-reisid.ee\/test\/wp-content\/uploads\/2022\/11\/Chalet_du_Gypse-Chalet_du_Gypse-3449-1536x1020.jpg 1536w, https:\/\/fr-reisid.ee\/test\/wp-content\/uploads\/2022\/11\/Chalet_du_Gypse-Chalet_du_Gypse-3449-650x432.jpg 650w\" sizes=\"(max-width: 2000px) 100vw, 2000px\" \/><\/a><figcaption class=\"wp-element-caption\">Les Chalets du Gypse<\/figcaption><\/figure>\n\n\n\n<figure class=\"wp-block-image size-large\"><a href=\"https:\/\/fr-reisid.ee\/test\/wp-content\/uploads\/2022\/11\/les-chalets-du-gypse5.jpg\"><img decoding=\"async\" loading=\"lazy\" width=\"1280\" height=\"853\" data-id=\"376\" src=\"https:\/\/fr-reisid.ee\/test\/wp-content\/uploads\/2022\/11\/les-chalets-du-gypse5.jpg\" alt=\"\" class=\"wp-image-376\" srcset=\"https:\/\/fr-reisid.ee\/test\/wp-content\/uploads\/2022\/11\/les-chalets-du-gypse5.jpg 1280w, https:\/\/fr-reisid.ee\/test\/wp-content\/uploads\/2022\/11\/les-chalets-du-gypse5-1024x682.jpg 1024w, https:\/\/fr-reisid.ee\/test\/wp-content\/uploads\/2022\/11\/les-chalets-du-gypse5-768x512.jpg 768w, https:\/\/fr-reisid.ee\/test\/wp-content\/uploads\/2022\/11\/les-chalets-du-gypse5-650x433.jpg 650w\" sizes=\"(max-width: 1280px) 100vw, 1280px\" \/><\/a><figcaption class=\"wp-element-caption\">Les Chalets du Gypse<\/figcaption><\/figure>\n\n\n\n<figure class=\"wp-block-image size-large\"><a href=\"https:\/\/fr-reisid.ee\/test\/wp-content\/uploads\/2022\/11\/les-chalets-du-gypse9.jpg\"><img decoding=\"async\" loading=\"lazy\" width=\"1280\" height=\"853\" data-id=\"380\" src=\"https:\/\/fr-reisid.ee\/test\/wp-content\/uploads\/2022\/11\/les-chalets-du-gypse9.jpg\" alt=\"\" class=\"wp-image-380\" srcset=\"https:\/\/fr-reisid.ee\/test\/wp-content\/uploads\/2022\/11\/les-chalets-du-gypse9.jpg 1280w, https:\/\/fr-reisid.ee\/test\/wp-content\/uploads\/2022\/11\/les-chalets-du-gypse9-1024x682.jpg 1024w, https:\/\/fr-reisid.ee\/test\/wp-content\/uploads\/2022\/11\/les-chalets-du-gypse9-768x512.jpg 768w, https:\/\/fr-reisid.ee\/test\/wp-content\/uploads\/2022\/11\/les-chalets-du-gypse9-650x433.jpg 650w\" sizes=\"(max-width: 1280px) 100vw, 1280px\" \/><\/a><figcaption class=\"wp-element-caption\">Les Chalets du Gypse<\/figcaption><\/figure>\n\n\n\n<figure class=\"wp-block-image size-large\"><a href=\"https:\/\/fr-reisid.ee\/test\/wp-content\/uploads\/2022\/11\/les-chalets-du-gypse10.jpg\"><img decoding=\"async\" loading=\"lazy\" width=\"1280\" height=\"720\" data-id=\"381\" src=\"https:\/\/fr-reisid.ee\/test\/wp-content\/uploads\/2022\/11\/les-chalets-du-gypse10.jpg\" alt=\"\" class=\"wp-image-381\" srcset=\"https:\/\/fr-reisid.ee\/test\/wp-content\/uploads\/2022\/11\/les-chalets-du-gypse10.jpg 1280w, https:\/\/fr-reisid.ee\/test\/wp-content\/uploads\/2022\/11\/les-chalets-du-gypse10-1024x576.jpg 1024w, https:\/\/fr-reisid.ee\/test\/wp-content\/uploads\/2022\/11\/les-chalets-du-gypse10-768x432.jpg 768w, https:\/\/fr-reisid.ee\/test\/wp-content\/uploads\/2022\/11\/les-chalets-du-gypse10-650x366.jpg 650w\" sizes=\"(max-width: 1280px) 100vw, 1280px\" \/><\/a><figcaption class=\"wp-element-caption\">Les Chalets du Gypse<\/figcaption><\/figure>\n\n\n\n<figure class=\"wp-block-image size-large\"><a href=\"https:\/\/fr-reisid.ee\/test\/wp-content\/uploads\/2022\/11\/Chalet_du_Gypse-Chalet_du_Gypse-3456.jpg\"><img decoding=\"async\" loading=\"lazy\" width=\"2000\" height=\"1363\" data-id=\"329\" src=\"https:\/\/fr-reisid.ee\/test\/wp-content\/uploads\/2022\/11\/Chalet_du_Gypse-Chalet_du_Gypse-3456.jpg\" alt=\"\" class=\"wp-image-329\" srcset=\"https:\/\/fr-reisid.ee\/test\/wp-content\/uploads\/2022\/11\/Chalet_du_Gypse-Chalet_du_Gypse-3456.jpg 2000w, https:\/\/fr-reisid.ee\/test\/wp-content\/uploads\/2022\/11\/Chalet_du_Gypse-Chalet_du_Gypse-3456-1024x698.jpg 1024w, https:\/\/fr-reisid.ee\/test\/wp-content\/uploads\/2022\/11\/Chalet_du_Gypse-Chalet_du_Gypse-3456-768x523.jpg 768w, https:\/\/fr-reisid.ee\/test\/wp-content\/uploads\/2022\/11\/Chalet_du_Gypse-Chalet_du_Gypse-3456-1536x1047.jpg 1536w, https:\/\/fr-reisid.ee\/test\/wp-content\/uploads\/2022\/11\/Chalet_du_Gypse-Chalet_du_Gypse-3456-650x443.jpg 650w\" sizes=\"(max-width: 2000px) 100vw, 2000px\" \/><\/a><figcaption class=\"wp-element-caption\">Les Chalets du Gypse<\/figcaption><\/figure>\n<\/figure>\n\n\n\n<div style=\"height:60px\" aria-hidden=\"true\" class=\"wp-block-spacer\"><\/div>\n\n\n\n<div class=\"wp-block-webfactory-map\"><div class=\"wp-block-webfactory-map\"><iframe loading=\"lazy\" width=\"100%\" height=\"500px\" src=\"https:\/\/www.google.com\/maps\/embed\/v1\/place?q=Les%20Chalets%20du%20Gypse&amp;maptype=roadmap&amp;zoom=12&amp;key=AIzaSyAjyDspiPfzEfjRSS5fQzm-3jHFjHxeXB4\" frameborder=\"0\"><\/iframe><\/div><\/div>\n","protected":false},"excerpt":{"rendered":"<p>Ainuke majutus basseiniga St.Martin de Belleville keskuses vahetult suusaradade \u00e4\u00e4res. Elamised \u00fche magamistoaga kahetoalistest kuni nelja magamistoaga viietoalisteni.T\u00e4psemad elamiste kirjeldused on toodud [&hellip;]<\/p>\n","protected":false},"author":1,"featured_media":0,"parent":0,"menu_order":0,"comment_status":"closed","ping_status":"closed","template":"","meta":{"footnotes":""},"_links":{"self":[{"href":"https:\/\/fr-reisid.ee\/test\/wp-json\/wp\/v2\/pages\/371"}],"collection":[{"href":"https:\/\/fr-reisid.ee\/test\/wp-json\/wp\/v2\/pages"}],"about":[{"href":"https:\/\/fr-reisid.ee\/test\/wp-json\/wp\/v2\/types\/page"}],"author":[{"embeddable":true,"href":"https:\/\/fr-reisid.ee\/test\/wp-json\/wp\/v2\/users\/1"}],"replies":[{"embeddable":true,"href":"https:\/\/fr-reisid.ee\/test\/wp-json\/wp\/v2\/comments?post=371"}],"version-history":[{"count":5,"href":"https:\/\/fr-reisid.ee\/test\/wp-json\/wp\/v2\/pages\/371\/revisions"}],"predecessor-version":[{"id":784,"href":"https:\/\/fr-reisid.ee\/test\/wp-json\/wp\/v2\/pages\/371\/revisions\/784"}],"wp:attachment":[{"href":"https:\/\/fr-reisid.ee\/test\/wp-json\/wp\/v2\/media?parent=371"}],"curies":[{"name":"wp","href":"https:\/\/api.w.org\/{rel}","templated":true}]}}