{"id":254,"date":"2022-11-07T16:18:17","date_gmt":"2022-11-07T16:18:17","guid":{"rendered":"https:\/\/fr-reisid.ee\/test\/?page_id=254"},"modified":"2022-11-07T16:18:18","modified_gmt":"2022-11-07T16:18:18","slug":"suusataja-koodeks","status":"publish","type":"page","link":"https:\/\/fr-reisid.ee\/test\/suusataja-koodeks\/","title":{"rendered":"Suusataja koodeks"},"content":{"rendered":"\n<p>Suusatamist ja lumelauas\u00f5itu v\u00f5ib nautida v\u00e4ga erineval moel kuid ole alati t\u00e4helepanelik teiste suhtes ja ole teadlik, et m\u00e4est alla liuglemine on seotud riskiga. Loe t\u00e4helepanelikult j\u00e4rgnevat meelespead, mida USA-s nimetatakse &#8220;Your responsibility code&#8221; ja mis on m\u00f5nedes osariikides seaduse j\u00f5us. Pea meeles ja kasuta alltoodut.<\/p>\n\n\n\n<ul>\n<li>S\u00e4ilita kontrolli oma liikumise \u00fcle ja ole alati valmis peatuma v\u00f5i -m\u00f6\u00f6duma teistest inimestest v\u00f5i objektidest.<\/li>\n\n\n\n<li>Inimesed, kes asuvad Sinust allpool omavad alati \u00f5igust oma liikumissuunale. Sinu kohustus on v\u00e4ltida ohtu.<\/li>\n\n\n\n<li>Sa ei tohi peatuda kohas, kus sa takistad teiste liikumist v\u00f5i kui sind ei ole \u00fclevalt n\u00e4ha.<\/li>\n\n\n\n<li>Alati , kui sa hakkad liikuma v\u00f5i liitud laskujatega, vaata \u00fcles ja arvesta teistega.<\/li>\n\n\n\n<li>Aita peatada libisema p\u00e4\u00e4senud varustus.<\/li>\n\n\n\n<li>J\u00e4lgi k\u00f5iki hoiatussilte ja m\u00e4rgistusi. Hoidu suletud radadest ja &#8211; s\u00f5idualadest.<\/li>\n\n\n\n<li>Enne mistahes t\u00f5stuki kasutamist, pead olema teadlik kuidas toimub ohutu peale istumine, s\u00f5it ja mahatulek.<\/li>\n<\/ul>\n\n\n\n<p><strong>Kas suusatamine ja lumelauas\u00f5it on ohtlikud.<\/strong><\/p>\n\n\n\n<p>Suusatamine ja lumelauas\u00f5it ei ole ohtlikum, kui mistahes energiline tegevus ja on sageli ohutum paljudest tavaspordi aladest. Ohtlikkuse taset on v\u00f5imalik alandada f\u00fc\u00fcsilise vilumuse omandamise- ning praktikaga. Jah, risk on olemas, kuid mingis m\u00f5ttes on nimelt risk see, mis paneb paljud inimesed tegelema just selle alaga.<\/p>\n\n\n\n<p>Statistika annab allj\u00e4rgnevad numbrid:<br>1995 aastal, National Safety Council andmetel, uppus paadis\u00f5idul, ujudes v\u00f5i m\u00f5ne muu veespordialaga tegeledes USA-s 4500 inimest . See teeb 17 surmajuhtumit \u00fche miljoni osav\u00f5tja kohta. Jalgrattas\u00f5idul oli 900 surmajuhtu, mis teeb 7,1 surmajuhtu miljoni osav\u00f5tja kohta. Samas oli aastal 1995, National Sporting Goods Association (NSGA) andmetel, USA-s 9,2 miljonit suusatajat ja 2,8 miljonit lumelaudurit, kokku 12 miljonit osav\u00f5tjat. Samal aastal oli 35 suusatajate\/lumelauas\u00f5itjate surmaga l\u00f5ppenud \u00f5nnetust. See teeb 2,9 juhtu miljoni osav\u00f5tja kohta ja kuna sel aastal oli 54 miljonit visiiti, siis tuleb arvutuslik surmaga l\u00f5ppev \u00f5nnetuste arv 0,65 \u00fche miljoni visiidi kohta.<\/p>\n\n\n\n<p>Kuigi allj\u00e4rgneva kohta ei ole v\u00f5rdlevat statistikat, aitab ta siiski m\u00f5ista perspektiivi.<\/p>\n\n\n\n<p>42000 ameeriklast hukkub autoavariides, 22000 ameeriklast m\u00f5rvatakse, 13000 osaks langeb surm erineval moel, mis sisaldab, 300 juhtumit vannis, 6500 juhtumit l\u00e4bi m\u00fcrgistuse, 800 inimest hukkub langevate objektide l\u00e4bi, 2900 inimest l\u00e4mbub toidu k\u00e4tte, 2500 inimest hukkub ravimisel. The National Severe Storms Laboratory andmetel sureb igal aastal USA-s v\u00e4lgutabamusest 89 inimest.<\/p>\n\n\n\n<p>Antud kirjat\u00fckk ei ole kirjutatud hulljulguse s\u00fcstimiseks vaid aitab, levinud \u00fcledramatiseerimise k\u00f5rval, olukorda kainelt hinnata.<\/p>\n","protected":false},"excerpt":{"rendered":"<p>Suusatamist ja lumelauas\u00f5itu v\u00f5ib nautida v\u00e4ga erineval moel kuid ole alati t\u00e4helepanelik teiste suhtes ja ole teadlik, et m\u00e4est alla liuglemine on [&hellip;]<\/p>\n","protected":false},"author":1,"featured_media":0,"parent":0,"menu_order":0,"comment_status":"closed","ping_status":"closed","template":"","meta":{"footnotes":""},"_links":{"self":[{"href":"https:\/\/fr-reisid.ee\/test\/wp-json\/wp\/v2\/pages\/254"}],"collection":[{"href":"https:\/\/fr-reisid.ee\/test\/wp-json\/wp\/v2\/pages"}],"about":[{"href":"https:\/\/fr-reisid.ee\/test\/wp-json\/wp\/v2\/types\/page"}],"author":[{"embeddable":true,"href":"https:\/\/fr-reisid.ee\/test\/wp-json\/wp\/v2\/users\/1"}],"replies":[{"embeddable":true,"href":"https:\/\/fr-reisid.ee\/test\/wp-json\/wp\/v2\/comments?post=254"}],"version-history":[{"count":1,"href":"https:\/\/fr-reisid.ee\/test\/wp-json\/wp\/v2\/pages\/254\/revisions"}],"predecessor-version":[{"id":255,"href":"https:\/\/fr-reisid.ee\/test\/wp-json\/wp\/v2\/pages\/254\/revisions\/255"}],"wp:attachment":[{"href":"https:\/\/fr-reisid.ee\/test\/wp-json\/wp\/v2\/media?parent=254"}],"curies":[{"name":"wp","href":"https:\/\/api.w.org\/{rel}","templated":true}]}}